{"id":2459,"date":"2017-06-23T02:39:46","date_gmt":"2017-06-23T02:39:46","guid":{"rendered":"https:\/\/decizia.com\/?post_type=portfolio&#038;p=2459"},"modified":"2019-12-09T16:36:01","modified_gmt":"2019-12-09T16:36:01","slug":"formation","status":"publish","type":"page","link":"https:\/\/decizia.com\/?page_id=2459","title":{"rendered":"Formation &#038; Certification"},"content":{"rendered":"<div  id=\"video-background-1\" class=\"ui--video-background-wrapper fullwidth-content cloudfw-ui-parallax-effect clearfix ui--section-content-v-center\" style=\"margin-top: -30px;\"><div class=\"ui--video-background-holder\"><div  class=\"ui--video-background-video ui--parallax hidden-phone \"><\/div><div class=\"ui--parallax ui--video-background-poster\"><\/div><div  class=\"ui--video-background\"><div class=\"ui--gradient\"><\/div><\/div><\/div><div  class=\"ui--section-content container clearfix\" style=\"padding-top: 0px;\"><div  class=\"ui--space clearfix\" data-responsive=\"{&quot;css&quot;:{&quot;height&quot;:{&quot;phone&quot;:null,&quot;tablet&quot;:null,&quot;widescreen&quot;:null}}}\"><\/div><div  class=\"ui--space clearfix\" data-responsive=\"{&quot;css&quot;:{&quot;height&quot;:{&quot;phone&quot;:null,&quot;tablet&quot;:null,&quot;widescreen&quot;:null}}}\"><\/div><div  class=\"ui--space clearfix\" data-responsive=\"{&quot;css&quot;:{&quot;height&quot;:{&quot;phone&quot;:null,&quot;tablet&quot;:null,&quot;widescreen&quot;:null}}}\"><\/div><div class=\"text-center ui--animation\"><a class=\"btn btn-large btn-block btn-icon-left btn-primary no-radius\" href=\"http:\/\/www.deciziaacademy.com\" style=\"\">Acc\u00e9der \u00e0 notre site d\u00e9di\u00e9 \u00e0 la formation & \u00e0 la certification<\/a> <\/div><\/div><\/div><div class=\"ui--title ui--animation ui--title-bordered text-left\"><div class=\"ui--title-holder\"><h3 class=\"ui--title-text\">Ils nous font confiance<\/h3><div style=\"border-width: 3px;  margin-top: -1.5px;\" class=\"ui--title-borders ui--title-border-left\"><\/div><div style=\"border-width: 3px;  margin-top: -1.5px;\" class=\"ui--title-borders ui--title-border-right\"><\/div><\/div><\/div><div class=\"ui--client-list-wrapper ui--animation ui-row clearfix\"><div class=\"ui--client-list ui--box ui-row clearfix ui--carousel\" data-options=\"{&quot;effect&quot;:&quot;slide&quot;,&quot;auto_rotate&quot;:&quot;1&quot;,&quot;animation_loop&quot;:&quot;1&quot;,&quot;rotate_time&quot;:0,&quot;arrows&quot;:false,&quot;disable_on_mobile&quot;:false}\"><div class=\"slides\"><div class=\"ui-row row\">\n <div   class=\"ui-column span3\"><div class=\"ui--client ui--carousel-item\"><img decoding=\"async\" src=\"https:\/\/decizia.com\/wp-content\/uploads\/2014\/04\/ctl.png\" alt=\"\" title=\"\" class=\"ui--animation\"><\/div><div class=\"vertical-divider\"><\/div><\/div> \n\n <div   class=\"ui-column span3\"><div class=\"ui--client ui--carousel-item\"><img decoding=\"async\" src=\"https:\/\/decizia.com\/wp-content\/uploads\/2014\/04\/logo_maroc_telecom.png\" alt=\"\" title=\"\" class=\"ui--animation\"><\/div><div class=\"vertical-divider\"><\/div><\/div> \n\n <div   class=\"ui-column span3\"><div class=\"ui--client ui--carousel-item\"><img decoding=\"async\" src=\"https:\/\/decizia.com\/wp-content\/uploads\/2014\/04\/lafarge.png\" alt=\"\" title=\"\" class=\"ui--animation\"><\/div><div class=\"vertical-divider\"><\/div><\/div> \n\n <div   class=\"ui-column span3\"><div class=\"ui--client ui--carousel-item\"><img decoding=\"async\" src=\"https:\/\/decizia.com\/wp-content\/uploads\/2014\/04\/wafa-assurance-maroc-e1401988455532.png\" alt=\"\" title=\"\" class=\"ui--animation\"><\/div><div class=\"vertical-divider\"><\/div><\/div> \n\n<\/div> \n<div class=\"ui-row row\">\n <div   class=\"ui-column span3\"><div class=\"ui--client ui--carousel-item\"><img decoding=\"async\" src=\"https:\/\/decizia.com\/wp-content\/uploads\/2014\/04\/rma.png\" alt=\"\" title=\"\" class=\"ui--animation\"><\/div><div class=\"vertical-divider\"><\/div><\/div> \n\n <div   class=\"ui-column span3\"><div class=\"ui--client ui--carousel-item\"><img decoding=\"async\" src=\"https:\/\/decizia.com\/wp-content\/uploads\/2014\/04\/cmcp.png\" alt=\"\" title=\"\" class=\"ui--animation\"><\/div><div class=\"vertical-divider\"><\/div><\/div> \n\n <div   class=\"ui-column span3\"><div class=\"ui--client ui--carousel-item\"><img decoding=\"async\" src=\"https:\/\/decizia.com\/wp-content\/uploads\/2014\/04\/lesieur_cristal.png\" alt=\"\" title=\"\" class=\"ui--animation\"><\/div><div class=\"vertical-divider\"><\/div><\/div> \n\n <div   class=\"ui-column span3\"><div class=\"ui--client ui--carousel-item\"><img decoding=\"async\" src=\"https:\/\/decizia.com\/wp-content\/uploads\/2014\/04\/mdjs.png\" alt=\"\" title=\"\" class=\"ui--animation\"><\/div><div class=\"vertical-divider\"><\/div><\/div> \n\n<\/div> \n<\/div><\/div><\/div><div class=\"auto-format ui--animation\"><p><div  id=\"section-gsy1k\" class=\"fullwidth-content ui--section clearfix\"><div  class=\"ui--section-content\"><div class=\"container\"><div class=\"ui--title ui--animation ui--title-bordered text-center\"><div class=\"ui--title-holder\"><h3 class=\"ui--title-text\">Une offre BI & Big Data Analytics compl\u00e8te et unique : Consulting, Formation & Certification<\/h3><div class=\"ui--title-borders ui--title-border-left\"><\/div><div class=\"ui--title-borders ui--title-border-right\"><\/div><\/div><\/div><div class=\"ui-row row\">\n <div   class=\"ui-column span6\"><div class=\"ui--title ui--animation ui--title-bordered text-left\"><div class=\"ui--title-holder\"><h5 class=\"ui--title-text\">Make informed decisions<\/h5><div class=\"ui--title-borders ui--title-border-left\"><\/div><div class=\"ui--title-borders ui--title-border-right\"><\/div><\/div><\/div><div class=\"ui--box-widget\"><div  class=\"ui--content-box ui--box ui--content-item ui--animation ui-row\"><div class=\"ui--content-box-header\"><div class=\"ui--content-box-media effect--slide-btt type--image-hover clearfix\" style=\"padding-bottom: 42.86%;\"><div class=\"ui--content-box-image-default\"><img loading=\"lazy\" decoding=\"async\" width=\"570\" height=\"245\" src=\"https:\/\/decizia.com\/wp-content\/uploads\/2018\/11\/Big-Data-BI_decizia-570x245.jpg\" class=\"ui--content-box-image\" alt=\"\" srcset=\"https:\/\/decizia.com\/wp-content\/uploads\/2018\/11\/Big-Data-BI_decizia-570x245.jpg 570w, https:\/\/decizia.com\/wp-content\/uploads\/2018\/11\/Big-Data-BI_decizia-600x257.jpg 600w, https:\/\/decizia.com\/wp-content\/uploads\/2018\/11\/Big-Data-BI_decizia-300x129.jpg 300w, https:\/\/decizia.com\/wp-content\/uploads\/2018\/11\/Big-Data-BI_decizia-768x329.jpg 768w, https:\/\/decizia.com\/wp-content\/uploads\/2018\/11\/Big-Data-BI_decizia-1024x439.jpg 1024w\" sizes=\"auto, (max-width: 570px) 100vw, 570px\" \/><\/div><div class=\"ui--content-box-overlay\"><div class=\"ui--content-box-overlay-image\"><img loading=\"lazy\" decoding=\"async\" width=\"570\" height=\"245\" src=\"https:\/\/decizia.com\/wp-content\/uploads\/2014\/04\/Business_Intelligence_After-570x245.jpg\" class=\"ui--content-box-image\" alt=\"\" \/><\/div><\/div><\/div><div class=\"ui--content-box-title ui--gradient ui--gradient-grey on--hover clearfix text-center\"><h5 class=\"ui--content-box-title-text\">Consulting<\/h5><\/div><\/div><div class=\"ui--content-box-content\"><div class=\"ui--content-box-content-text\"><div class=\"text-center ui--animation\"><a class=\"btn btn-normal btn-block btn-icon-left btn-primary\" href=\"https:\/\/decizia.com\/offre-de-services\/\" style=\"\">Stop guessing !<\/a> <\/div>\n<\/div><\/div><\/div><\/div><\/div> \n\n <div   class=\"ui-column span6\"><div class=\"ui--title ui--animation ui--title-bordered text-left\"><div class=\"ui--title-holder\"><h5 class=\"ui--title-text\">Placement & Recrutement<\/h5><div class=\"ui--title-borders ui--title-border-left\"><\/div><div class=\"ui--title-borders ui--title-border-right\"><\/div><\/div><\/div><div class=\"ui--box-widget\"><div  class=\"ui--content-box ui--box ui--content-item ui--animation ui-row\"><div class=\"ui--content-box-header\"><div class=\"ui--content-box-media effect--slide-btt type--image-hover clearfix\" style=\"padding-bottom: 42.86%;\"><div class=\"ui--content-box-image-default\"><img loading=\"lazy\" decoding=\"async\" width=\"570\" height=\"245\" src=\"https:\/\/decizia.com\/wp-content\/uploads\/2014\/03\/Business-Rules-Managementdecizia-570x245.jpg\" class=\"ui--content-box-image\" alt=\"\" \/><\/div><div class=\"ui--content-box-overlay\"><div class=\"ui--content-box-overlay-image\"><img loading=\"lazy\" decoding=\"async\" width=\"570\" height=\"245\" src=\"https:\/\/decizia.com\/wp-content\/uploads\/2014\/03\/Business-Activity-Monitoringdecizia-570x245.jpg\" class=\"ui--content-box-image\" alt=\"\" \/><\/div><\/div><\/div><div class=\"ui--content-box-title ui--gradient ui--gradient-grey on--hover clearfix text-center\"><h5 class=\"ui--content-box-title-text\">Placement & Recrutement<\/h5><\/div><\/div><div class=\"ui--content-box-content\"><div class=\"ui--content-box-content-text\"><div class=\"text-center ui--animation\"><a class=\"btn btn-normal btn-block btn-icon-left btn-primary\" href=\"https:\/\/decizia.com\/placement-recrutement-bi\/\" style=\"\">Hire an expert<\/a> <\/div>\n<\/div><\/div><\/div><\/div><\/div> \n\n<\/div> \n<\/div><\/div><\/div><!-- \/.fullwidth-container --><div  class=\"ui--space clearfix\" data-responsive=\"{&quot;css&quot;:{&quot;height&quot;:{&quot;phone&quot;:null,&quot;tablet&quot;:null,&quot;widescreen&quot;:null}}}\"><\/div><div class=\"ui--sharrre text-center clearfix ui--sharrre-block\"><div class=\"ui--sharrre-facebook\" data-url=\"https:\/\/decizia.com\/?page_id=2459\" data-href=\"https:\/\/decizia.com\/?page_id=2459\" data-text=\"Formation &#038; Certification\" data-featured-image=\"https:\/\/decizia.com\/wp-content\/uploads\/2014\/04\/CRM-is-not-a-department.jpg\" data-title=\"&lt;i class=&#039;fontawesome-facebook&#039;&gt;&lt;\/i&gt; &lt;span class=&#039;ui--sharrre-link-title&#039;&gt;Like&lt;\/span&gt;\"><\/div><div class=\"ui--sharrre-linkedin\" data-url=\"https:\/\/decizia.com\/?page_id=2459\" data-href=\"https:\/\/decizia.com\/?page_id=2459\" data-text=\"Formation &#038; Certification\" data-featured-image=\"https:\/\/decizia.com\/wp-content\/uploads\/2014\/04\/CRM-is-not-a-department.jpg\" data-title=\"&lt;i class=&#039;fontawesome-linkedin&#039;&gt;&lt;\/i&gt; &lt;span class=&#039;ui--sharrre-link-title&#039;&gt;Linkedin&lt;\/span&gt;\"><\/div><div class=\"ui--sharrre-twitter\" data-url=\"https:\/\/decizia.com\/?page_id=2459\" data-href=\"https:\/\/decizia.com\/?page_id=2459\" data-text=\"Formation &#038; Certification\" data-featured-image=\"https:\/\/decizia.com\/wp-content\/uploads\/2014\/04\/CRM-is-not-a-department.jpg\" data-title=\"&lt;i class=&#039;fontawesome-twitter&#039;&gt;&lt;\/i&gt; &lt;span class=&#039;ui--sharrre-link-title&#039;&gt;Tweet&lt;\/span&gt;\"><\/div><\/div><\/p>\n<\/div>","protected":false},"excerpt":{"rendered":"<p>Acc\u00e9der \u00e0 notre site d\u00e9di\u00e9 \u00e0 la formation &#038; \u00e0 la certification Ils nous font confiance Une offre BI &#038; Big Data Analytics compl\u00e8te et unique : Consulting, Formation &#038; Certification Make informed decisionsConsultingStop guessing ! Placement &#038; RecrutementPlacement &#038; RecrutementHire an expert<\/p>\n","protected":false},"author":2,"featured_media":1675,"parent":0,"menu_order":0,"comment_status":"closed","ping_status":"closed","template":"","meta":{"footnotes":""},"class_list":["post-2459","page","type-page","status-publish","has-post-thumbnail","hentry"],"yoast_head":"<!-- This site is optimized with the Yoast SEO plugin v27.5 - https:\/\/yoast.com\/product\/yoast-seo-wordpress\/ -->\n<title>Formation &amp; Certification - Decizia<\/title>\n<meta name=\"robots\" content=\"index, follow, max-snippet:-1, max-image-preview:large, max-video-preview:-1\" \/>\n<link rel=\"canonical\" href=\"https:\/\/decizia.com\/?page_id=2459\" \/>\n<meta property=\"og:locale\" content=\"fr_FR\" \/>\n<meta property=\"og:type\" content=\"article\" \/>\n<meta property=\"og:title\" content=\"Formation &amp; Certification - Decizia\" \/>\n<meta property=\"og:description\" content=\"Acc\u00e9der \u00e0 notre site d\u00e9di\u00e9 \u00e0 la formation &amp; \u00e0 la certification Ils nous font confiance Une offre BI &amp; Big Data Analytics compl\u00e8te et unique : Consulting, Formation &amp; Certification Make informed decisionsConsultingStop guessing ! Placement &amp; RecrutementPlacement &amp; RecrutementHire an expert\" \/>\n<meta property=\"og:url\" content=\"https:\/\/decizia.com\/?page_id=2459\" \/>\n<meta property=\"og:site_name\" content=\"Decizia\" \/>\n<meta property=\"article:publisher\" content=\"https:\/\/www.facebook.com\/decizia\" \/>\n<meta property=\"article:modified_time\" content=\"2019-12-09T16:36:01+00:00\" \/>\n<meta property=\"og:image\" content=\"https:\/\/decizia.com\/wp-content\/uploads\/2014\/04\/CRM-is-not-a-department.jpg\" \/>\n\t<meta property=\"og:image:width\" content=\"570\" \/>\n\t<meta property=\"og:image:height\" content=\"321\" \/>\n\t<meta property=\"og:image:type\" content=\"image\/jpeg\" \/>\n<meta name=\"twitter:card\" content=\"summary_large_image\" \/>\n<script type=\"application\/ld+json\" class=\"yoast-schema-graph\">{\"@context\":\"https:\\\/\\\/schema.org\",\"@graph\":[{\"@type\":\"WebPage\",\"@id\":\"https:\\\/\\\/decizia.com\\\/?page_id=2459\",\"url\":\"https:\\\/\\\/decizia.com\\\/?page_id=2459\",\"name\":\"Formation & Certification - Decizia\",\"isPartOf\":{\"@id\":\"https:\\\/\\\/decizia.com\\\/#website\"},\"primaryImageOfPage\":{\"@id\":\"https:\\\/\\\/decizia.com\\\/?page_id=2459#primaryimage\"},\"image\":{\"@id\":\"https:\\\/\\\/decizia.com\\\/?page_id=2459#primaryimage\"},\"thumbnailUrl\":\"https:\\\/\\\/decizia.com\\\/wp-content\\\/uploads\\\/2014\\\/04\\\/CRM-is-not-a-department.jpg\",\"datePublished\":\"2017-06-23T02:39:46+00:00\",\"dateModified\":\"2019-12-09T16:36:01+00:00\",\"breadcrumb\":{\"@id\":\"https:\\\/\\\/decizia.com\\\/?page_id=2459#breadcrumb\"},\"inLanguage\":\"fr-FR\",\"potentialAction\":[{\"@type\":\"ReadAction\",\"target\":[\"https:\\\/\\\/decizia.com\\\/?page_id=2459\"]}]},{\"@type\":\"ImageObject\",\"inLanguage\":\"fr-FR\",\"@id\":\"https:\\\/\\\/decizia.com\\\/?page_id=2459#primaryimage\",\"url\":\"https:\\\/\\\/decizia.com\\\/wp-content\\\/uploads\\\/2014\\\/04\\\/CRM-is-not-a-department.jpg\",\"contentUrl\":\"https:\\\/\\\/decizia.com\\\/wp-content\\\/uploads\\\/2014\\\/04\\\/CRM-is-not-a-department.jpg\",\"width\":570,\"height\":321},{\"@type\":\"BreadcrumbList\",\"@id\":\"https:\\\/\\\/decizia.com\\\/?page_id=2459#breadcrumb\",\"itemListElement\":[{\"@type\":\"ListItem\",\"position\":1,\"name\":\"Accueil\",\"item\":\"https:\\\/\\\/decizia.com\\\/\"},{\"@type\":\"ListItem\",\"position\":2,\"name\":\"Formation &#038; Certification\"}]},{\"@type\":\"WebSite\",\"@id\":\"https:\\\/\\\/decizia.com\\\/#website\",\"url\":\"https:\\\/\\\/decizia.com\\\/\",\"name\":\"Decizia\",\"description\":\"Business Intelligence, Big data &amp; Data Science\",\"publisher\":{\"@id\":\"https:\\\/\\\/decizia.com\\\/#organization\"},\"potentialAction\":[{\"@type\":\"SearchAction\",\"target\":{\"@type\":\"EntryPoint\",\"urlTemplate\":\"https:\\\/\\\/decizia.com\\\/?s={search_term_string}\"},\"query-input\":{\"@type\":\"PropertyValueSpecification\",\"valueRequired\":true,\"valueName\":\"search_term_string\"}}],\"inLanguage\":\"fr-FR\"},{\"@type\":\"Organization\",\"@id\":\"https:\\\/\\\/decizia.com\\\/#organization\",\"name\":\"Decizia\",\"url\":\"https:\\\/\\\/decizia.com\\\/\",\"logo\":{\"@type\":\"ImageObject\",\"inLanguage\":\"fr-FR\",\"@id\":\"https:\\\/\\\/decizia.com\\\/#\\\/schema\\\/logo\\\/image\\\/\",\"url\":\"https:\\\/\\\/decizia.com\\\/wp-content\\\/uploads\\\/2017\\\/06\\\/logo-decizia-e1498288646324.png\",\"contentUrl\":\"https:\\\/\\\/decizia.com\\\/wp-content\\\/uploads\\\/2017\\\/06\\\/logo-decizia-e1498288646324.png\",\"width\":100,\"height\":57,\"caption\":\"Decizia\"},\"image\":{\"@id\":\"https:\\\/\\\/decizia.com\\\/#\\\/schema\\\/logo\\\/image\\\/\"},\"sameAs\":[\"https:\\\/\\\/www.facebook.com\\\/decizia\"]}]}<\/script>\n<!-- \/ Yoast SEO plugin. -->","yoast_head_json":{"title":"Formation & Certification - Decizia","robots":{"index":"index","follow":"follow","max-snippet":"max-snippet:-1","max-image-preview":"max-image-preview:large","max-video-preview":"max-video-preview:-1"},"canonical":"https:\/\/decizia.com\/?page_id=2459","og_locale":"fr_FR","og_type":"article","og_title":"Formation & Certification - Decizia","og_description":"Acc\u00e9der \u00e0 notre site d\u00e9di\u00e9 \u00e0 la formation & \u00e0 la certification Ils nous font confiance Une offre BI & Big Data Analytics compl\u00e8te et unique : Consulting, Formation & Certification Make informed decisionsConsultingStop guessing ! Placement & RecrutementPlacement & RecrutementHire an expert","og_url":"https:\/\/decizia.com\/?page_id=2459","og_site_name":"Decizia","article_publisher":"https:\/\/www.facebook.com\/decizia","article_modified_time":"2019-12-09T16:36:01+00:00","og_image":[{"width":570,"height":321,"url":"https:\/\/decizia.com\/wp-content\/uploads\/2014\/04\/CRM-is-not-a-department.jpg","type":"image\/jpeg"}],"twitter_card":"summary_large_image","schema":{"@context":"https:\/\/schema.org","@graph":[{"@type":"WebPage","@id":"https:\/\/decizia.com\/?page_id=2459","url":"https:\/\/decizia.com\/?page_id=2459","name":"Formation & Certification - Decizia","isPartOf":{"@id":"https:\/\/decizia.com\/#website"},"primaryImageOfPage":{"@id":"https:\/\/decizia.com\/?page_id=2459#primaryimage"},"image":{"@id":"https:\/\/decizia.com\/?page_id=2459#primaryimage"},"thumbnailUrl":"https:\/\/decizia.com\/wp-content\/uploads\/2014\/04\/CRM-is-not-a-department.jpg","datePublished":"2017-06-23T02:39:46+00:00","dateModified":"2019-12-09T16:36:01+00:00","breadcrumb":{"@id":"https:\/\/decizia.com\/?page_id=2459#breadcrumb"},"inLanguage":"fr-FR","potentialAction":[{"@type":"ReadAction","target":["https:\/\/decizia.com\/?page_id=2459"]}]},{"@type":"ImageObject","inLanguage":"fr-FR","@id":"https:\/\/decizia.com\/?page_id=2459#primaryimage","url":"https:\/\/decizia.com\/wp-content\/uploads\/2014\/04\/CRM-is-not-a-department.jpg","contentUrl":"https:\/\/decizia.com\/wp-content\/uploads\/2014\/04\/CRM-is-not-a-department.jpg","width":570,"height":321},{"@type":"BreadcrumbList","@id":"https:\/\/decizia.com\/?page_id=2459#breadcrumb","itemListElement":[{"@type":"ListItem","position":1,"name":"Accueil","item":"https:\/\/decizia.com\/"},{"@type":"ListItem","position":2,"name":"Formation &#038; Certification"}]},{"@type":"WebSite","@id":"https:\/\/decizia.com\/#website","url":"https:\/\/decizia.com\/","name":"Decizia","description":"Business Intelligence, Big data &amp; Data Science","publisher":{"@id":"https:\/\/decizia.com\/#organization"},"potentialAction":[{"@type":"SearchAction","target":{"@type":"EntryPoint","urlTemplate":"https:\/\/decizia.com\/?s={search_term_string}"},"query-input":{"@type":"PropertyValueSpecification","valueRequired":true,"valueName":"search_term_string"}}],"inLanguage":"fr-FR"},{"@type":"Organization","@id":"https:\/\/decizia.com\/#organization","name":"Decizia","url":"https:\/\/decizia.com\/","logo":{"@type":"ImageObject","inLanguage":"fr-FR","@id":"https:\/\/decizia.com\/#\/schema\/logo\/image\/","url":"https:\/\/decizia.com\/wp-content\/uploads\/2017\/06\/logo-decizia-e1498288646324.png","contentUrl":"https:\/\/decizia.com\/wp-content\/uploads\/2017\/06\/logo-decizia-e1498288646324.png","width":100,"height":57,"caption":"Decizia"},"image":{"@id":"https:\/\/decizia.com\/#\/schema\/logo\/image\/"},"sameAs":["https:\/\/www.facebook.com\/decizia"]}]}},"_links":{"self":[{"href":"https:\/\/decizia.com\/index.php?rest_route=\/wp\/v2\/pages\/2459","targetHints":{"allow":["GET"]}}],"collection":[{"href":"https:\/\/decizia.com\/index.php?rest_route=\/wp\/v2\/pages"}],"about":[{"href":"https:\/\/decizia.com\/index.php?rest_route=\/wp\/v2\/types\/page"}],"author":[{"embeddable":true,"href":"https:\/\/decizia.com\/index.php?rest_route=\/wp\/v2\/users\/2"}],"replies":[{"embeddable":true,"href":"https:\/\/decizia.com\/index.php?rest_route=%2Fwp%2Fv2%2Fcomments&post=2459"}],"version-history":[{"count":1,"href":"https:\/\/decizia.com\/index.php?rest_route=\/wp\/v2\/pages\/2459\/revisions"}],"predecessor-version":[{"id":7167,"href":"https:\/\/decizia.com\/index.php?rest_route=\/wp\/v2\/pages\/2459\/revisions\/7167"}],"wp:featuredmedia":[{"embeddable":true,"href":"https:\/\/decizia.com\/index.php?rest_route=\/wp\/v2\/media\/1675"}],"wp:attachment":[{"href":"https:\/\/decizia.com\/index.php?rest_route=%2Fwp%2Fv2%2Fmedia&parent=2459"}],"curies":[{"name":"wp","href":"https:\/\/api.w.org\/{rel}","templated":true}]}}